actors of 6/27*-42*(-87)/x.
2, 7, 29
Suppose 1765*l = 1769*l - 24428 - 1556. List the prime factors of l.
2, 7, 29
Suppose -2*i + 12 = -5*i, -4*i - 6 = -2*b. Let k = b + 9. What are the prime factors of ((36 - -5) + -5)*2/k?
2, 3
Let x(m) = -4*m**3 + m**2 - 5*m + 3. Let k be x(1). Let q be (6 + k)/(-1 + (0 - 0)). List the prime factors of (q + 52/(-12))*18/(-8).
2, 3
Suppose 88 = 15*u - 13*u. Suppose 0 = -52*n + u*n + 8336. What are the prime factors of n?
2, 521
Let d(i) = 7*i**2 - 91*i - 26. Let y be d(21). Let f = -649 + y. List the prime factors of f.
3, 167
Suppose -54*n + 57548 = -52*n + 4*w, 172684 = 6*n + 2*w. What are the prime factors of n?
2, 3, 13, 41
Let w = 116 - 112. Suppose o + 30 = 6*o - 5*y, -10 = -2*o + w*y. Suppose -4*k - o*r + 6*r = -535, -2*r = -5*k + 659. List the prime factors of k.
7, 19
Let h be 3432/16 + 6/(-4). Suppose h = d - 65. List the prime factors of d.
2, 139
Suppose -12 = j + 5*p + 5, -2*j + p + 10 = 0. Let o = -5 - j. List the prime factors of o/(-48) + (-682)/(-12).
3, 19
Let s(t) = 168*t + 586. What are the prime factors of s(27)?
2, 13, 197
Let p be 7/(-84)*-4 - (-64)/6. Suppose -1631 - 3099 = -p*l. What are the prime factors of l?
2, 5, 43
Let q = -292 - -312. Suppose -q*n + 3564 = -14*n. List the prime factors of n.
2, 3, 11
Let y(p) = 2 - 7*p**2 + p + 3*p**2 + 0 - p**3. Let r be 14*(46 + -43 + (-7)/2). What are the prime factors of y(r)?
2, 71
Let f(g) = -g**3 + 11*g**2 - 10*g. Let q be f(10). Let z be (2 + q + 1)*11/11. Suppose 4*d - 468 = -3*w - 2*w, z*w - d = 291. What are the prime factors of w?
2, 3
Let n = -14108 + 15891. List the prime factors of n.
1783
Let o(m) = -3*m + 105. Let r be o(39). Let f be 2/(-3) - (-104)/39. What are the prime factors of f/(-4) - 1434/r?
7, 17
Suppose -438563 + 159768 = -6*g - 49*g. List the prime factors of g.
37, 137
Let r = -192 + 112. Let h = -77 - r. List the prime factors of h.
3
Let y(b) = b**3 - 6*b**2 + 11*b + 12. Let q = -103 - -108. List the prime factors of y(q).
2, 3, 7
Let a = 436 - 422. Suppose a*b - 3681 - 12027 = 0. What are the prime factors of b?
2, 3, 11, 17
Let q(r) = -37*r. Let z be q(-1). Suppose 0 = -3*y - y + 3*f + 46, -2*f - 22 = -2*y. Suppose -10*l + y + z = 0. What are the prime factors of l?
5
Let u(l) = 47*l**2 + 236*l - 25. What are the prime factors of u(10)?
3, 5, 7, 67
List the prime factors of 5326 - (15 + -13)*2.
2, 3, 887
Let v be (-1)/(-5) + (-8921)/55. Let g = v + 318. List the prime factors of (g/65)/(3/190).
2, 19
Let z be 1434/(-7)*((-12)/2 + -1). Let h be 6/(-39) + z/26. List the prime factors of 646/10 + 22/h.
5, 13
Let g(t) = -5*t - 121 - 7*t - 4*t - 41 + 149. Let u = 0 - 3. List the prime factors of g(u).
5, 7
Suppose 37*h - 204 = 34*h. What are the prime factors of h?
2, 17
List the prime factors of 130/(-520)*(-1 + -1123).
281
Let u be (-35)/14*184/(-10). Suppose x - u = -219. Let b = -15 - x. List the prime factors of b.
2, 79
List the prime factors of 302 - (((-22)/(-16) - -1) + (-21)/56).
2, 3, 5
Suppose 5*n - 10 = 0, 3*n - 235209 = -14*x + 87693. List the prime factors of x.
2, 3, 31
Suppose -b + 97 = 2*c, 4*b - c + 5*c - 392 = 0. Suppose -10*y + b = 19. Let f(u) = 8*u - 5. What are the prime factors of f(y)?
59
List the prime factors of 352758/21 - 4*(10/(-8))/(-1).
7, 2399
Let v(s) = s**3 - 8*s**2 + 10*s + 14. Let l be v(6). Suppose 535 = -l*f - 3*q + 2254, 5*f - q - 4272 = 0. What are the prime factors of f?
3, 5, 19
List the prime factors of 146912/18 - (913/(-396)*4 - -9).
2, 7, 11, 53
Suppose -5*r = -448 - 4382. Suppose -4*q + l = -l - r, -1224 = -5*q - 3*l. List the prime factors of q.
3
Let h be ((-18)/(-8))/((57/(-4256))/(-1)). Let q be ((-4)/5)/(4/(-10)). Suppose q*a - 5*c = 302, -5*c + h = 5*a - 587. List the prime factors of a.
151
Let q(f) = 1379*f**3 - 4*f**2 + 14*f - 16. What are the prime factors of q(3)?
37223
Suppose -5*v + 4*v = -74. Let s be 0 + (0 - -2) + v. Let f = s - 26. List the prime factors of f.
2, 5
Suppose -45*h - 16847 + 232641 = 2179. List the prime factors of h.
47, 101
Let f(h) = -12*h - 34. Let b be f(-7). Let v = -94 + b. What are the prime factors of (-4)/(-22) + (-3116)/v?
71
Let c(s) = 14*s**2 - 5*s + 2002. List the prime factors of c(-61).
54401
Let w(h) = 69 + 26*h**2 + 0*h - 79*h**2 + 30*h**2 + 30*h**2 - 20*h. What are the prime factors of w(7)?
2, 17
Suppose -4*y = l - 4*l + 4, 0 = 3*l - y - 10. Suppose 0 = -8*w + l*w. Suppose 0 = a - 5, -x + w*a - a = -68. List the prime factors of x.
3, 7
Let d(n) = -138*n + 1301. List the prime factors of d(-31).
7, 797
Let w = 160 + 17645. What are the prime factors of w?
3, 5, 1187
Let z(g) be the first derivative of g**3 - 7*g**2/2 + 117*g + 203. List the prime factors of z(10).
347
What are the prime factors of (-12 + 400)*((-3)/9 - (-172)/3)?
2, 3, 19, 97
Suppose -12 = -60*l + 54*l. Suppose w = 2*w - k - 322, -624 = -l*w - 2*k. What are the prime factors of w?
317
Let w be (-4)/((-12)/429) + 2 + 0. Suppose 5*y + 2*g + 27 = 175, 5*y = -5*g + w. What are the prime factors of y?
2, 3, 5
Let k be 15*12/30 - 133. Let i = k - -329. List the prime factors of i.
2, 101
List the prime factors of (-16)/8 + 2 + 8 - -19*128.
2, 5, 61
Let b(g) = g**2 + g - 4. Let u be b(-6). Suppose 5*i + 134 + u = 0. Let w = 93 + i. What are the prime factors of w?
61
Suppose -18*k = -23*k + 195. Let z = 44 - k. Suppose -3*g = -79 - z. What are the prime factors of g?
2, 7
Let a = 62 - 60. List the prime factors of a*2691/21 + 14/(-49).
2
Suppose 7*f = 3539 - 53. Let b = -156 + f. List the prime factors of b.
2, 3, 19
Let r(u) = -1035*u + 1442. What are the prime factors of r(-5)?
13, 509
Suppose j + 2203 = 4*u, -j - 4*j + 25 = 0. Suppose -u = -4*o - 120. Let a = 230 - o. List the prime factors of a.
2, 61
Let f(g) = -g**3 + 39*g**2 + 28*g - 823. What are the prime factors of f(28)?
5, 17, 101
Suppose 13*n - 44 = 2*n. Suppose -n = -s - 3*m + 6*m, -s = 3*m - 4. Suppose 0 = 8*k - 3*k - 3*g + 2, -s*k - 4*g + 24 = 0. What are the prime factors of k?
2
Suppose -30*k + 203 = -397. Suppose -k*t + 14*t + 3306 = 0. What are the prime factors of t?
19, 29
Suppose -3*i = -4*t + 30, -3*i - 2 - 10 = -2*t. Suppose -1 = 2*n - t. Suppose 5*o - 243 = n*o. What are the prime factors of o?
3
Suppose 5*u - 36 + 6 = 2*o, -22 = -4*u + 2*o. Suppose 16 = 4*j + u. Suppose 4*k + 24 = j*w - 26, 5*k + 48 = 2*w. List the prime factors of w.
29
Let w(q) = -1107*q**3. Suppose -14*m - 14 = -0*m. Let u be w(m). Suppose -3*n + 12*n = u. What are the prime factors of n?
3, 41
Suppose 2*k - 804 = 3776. What are the prime factors of k?
2, 5, 229
Let g(h) = h - 4. Let w be g(5). Let k(v) be the second derivative of 103*v**3/6 + v**2 - 6*v - 5. What are the prime factors of k(w)?
3, 5, 7
Let n = -22138 - -22611. Let j(y) = -2*y**3 + 4*y**2 - 8*y + 6. Let o be j(5). Let p = n + o. What are the prime factors of p?
17
Let t = 11 + -9. Suppose 4*l = -0*l - 8, -t*b - 2*l - 4 = 0. Suppose -3*a + b*a - 4*k = -500, 4*a = k + 692. What are the prime factors of a?
2, 43
Let a = -3432 - -2392. Let j = 1648 + a. List the prime factors of j.
2, 19
List the prime factors of (245510/8)/(-20*(-12)/384).
2, 24551
Let y = -178 + 179. Let t(m) = 277*m**2 + 12*m - 10. What are the prime factors of t(y)?
3, 31
Let z be (-20)/(-25)*15/6. Suppose -z*v - 1388 = -4*n, 0*n + v - 1742 = -5*n. Suppose -b = -5*b + n. List the prime factors of b.
3, 29
Let p = -9577 - -15184. What are the prime factors of p?
3, 7, 89
Suppose 44*r - 43*r - 4 = 0. Suppose -8 = -h - p, 5*h - r*p - 5 - 26 = 0. List the prime factors of h.
7
Suppose n = -3*n - 3*l - 4270, 0 = 2*n + 2*l + 2134. Let o = -693 - n. List the prime factors of o.
2, 47
Let p = -9282 + 16683. List the prime factors of p.
3, 2467
Let w be 2170/(-40) + 2/8. Let i = -59 - w. List the prime factors of (i/15 + -5)*6*-1.
2
Let g be 6/51 - 10275/(-85). Suppose -g = -2*b + 215. List the prime factors of b.
2, 3, 7
Let d(q) = 2*q + 77. Let j be 2/(-8) - 30/8. Let g(p) = -p - 38. Let w(s) = j*d(s) - 9*g(s). List the prime factors of w(10).
2, 11
Suppose 5*j - 5790 = -4*d, 0 = 3*j + d + 3*d - 3466. Suppose j = 3*c - x, -3*c - 2*x + 764 = -c. What are the prime factors of c?
2, 193
Let k(t) = t**2 + 2*t - 18. Let p be k(3). What are the prime factors of (1 + p)*(-76 + -10)?
2, 43